{"id":92,"date":"2018-04-08T13:34:05","date_gmt":"2018-04-08T11:34:05","guid":{"rendered":"http:\/\/31.172.95.69:81\/?page_id=92"},"modified":"2018-04-11T10:21:22","modified_gmt":"2018-04-11T08:21:22","slug":"erfahren-erfolgreich-und-nun","status":"publish","type":"page","link":"https:\/\/mkeller-businesscoaching.de\/index.php\/erfahren-erfolgreich-und-nun\/","title":{"rendered":"Erfahren &#8211; Erfolgreich &#8211; Und nun?"},"content":{"rendered":"<h5>Pers\u00f6nliche Standortbestimmung<\/h5>\n<h5>Worum geht es?<\/h5>\n<p>Sie schauen auf ein langj\u00e4hriges, erfolgreiches Berufsleben zur\u00fcck. Beruflich sind Sie angekommen. Weitere Karriereschritte sind nicht in Sicht. Und nun? Was hei\u00dft das f\u00fcr Sie ganz pers\u00f6nlich?<\/p>\n<h5>Zielgruppe<\/h5>\n<p>Erfahrene F\u00fchrungskr\u00e4fte und Mitarbeiter<\/p>\n<h5>Inhalte und Methoden<\/h5>\n<p>Die Teilnehmer erarbeiten im Seminar ihre pers\u00f6nliche Standortbestimmung. Sie setzen sich mit den Fragen auseinander:<\/p>\n<ul>\n<li>Wo stehe ich heute?<\/li>\n<li>Was ist mir wichtig?<\/li>\n<li>Was m\u00f6chte ich noch erreichen?<\/li>\n<\/ul>\n<p>Auf Grund der stetigen Beschleunigung und technischen Weiterentwicklung im beruflichen Umfeld stellen sich viele die Fragen: Kann ich langfristig noch mithalten? Wie gehe ich sinnvoll mit meinen Ressourcen um? Wie erhalte ich meine Kraft und meine Motivation?<\/p>\n<p>Auf diesen Fragen aufbauend entwickeln die Teilnehmer neue Ziele und lernen wie sie eine gute Balance zwischen Berufs- und Privatleben finden.<\/p>\n<p>Das Seminar findet in einem kleinen Teilnehmerkreis von maximal 12 Personen statt. Neben Trainer-Input, Selbstreflexion, Diskussion sowie Einzel- und Gruppen\u00fcbungen sind in den Seminarablauf kleine Entspannungs- und K\u00f6rper\u00fcbungen eingebaut, die gut in den beruflichen Alltag integriert werden k\u00f6nnen.<\/p>\n","protected":false},"excerpt":{"rendered":"<p>Pers\u00f6nliche Standortbestimmung Worum geht es? Sie schauen auf ein langj\u00e4hriges, erfolgreiches Berufsleben zur\u00fcck. Beruflich sind Sie angekommen. Weitere Karriereschritte sind nicht in Sicht. Und nun? Was hei\u00dft das f\u00fcr Sie ganz pers\u00f6nlich? Zielgruppe Erfahrene F\u00fchrungskr\u00e4fte und Mitarbeiter Inhalte und Methoden Die Teilnehmer erarbeiten im Seminar ihre pers\u00f6nliche Standortbestimmung. Sie setzen sich mit den Fragen auseinander: &hellip; <\/p>\n<p class=\"link-more\"><a href=\"https:\/\/mkeller-businesscoaching.de\/index.php\/erfahren-erfolgreich-und-nun\/\" class=\"more-link\"><span class=\"screen-reader-text\">\u201eErfahren &#8211; Erfolgreich &#8211; Und nun?\u201c<\/span> weiterlesen<\/a><\/p>\n","protected":false},"author":2,"featured_media":0,"parent":0,"menu_order":0,"comment_status":"closed","ping_status":"closed","template":"","meta":{"footnotes":""},"_links":{"self":[{"href":"https:\/\/mkeller-businesscoaching.de\/index.php\/wp-json\/wp\/v2\/pages\/92"}],"collection":[{"href":"https:\/\/mkeller-businesscoaching.de\/index.php\/wp-json\/wp\/v2\/pages"}],"about":[{"href":"https:\/\/mkeller-businesscoaching.de\/index.php\/wp-json\/wp\/v2\/types\/page"}],"author":[{"embeddable":true,"href":"https:\/\/mkeller-businesscoaching.de\/index.php\/wp-json\/wp\/v2\/users\/2"}],"replies":[{"embeddable":true,"href":"https:\/\/mkeller-businesscoaching.de\/index.php\/wp-json\/wp\/v2\/comments?post=92"}],"version-history":[{"count":2,"href":"https:\/\/mkeller-businesscoaching.de\/index.php\/wp-json\/wp\/v2\/pages\/92\/revisions"}],"predecessor-version":[{"id":185,"href":"https:\/\/mkeller-businesscoaching.de\/index.php\/wp-json\/wp\/v2\/pages\/92\/revisions\/185"}],"wp:attachment":[{"href":"https:\/\/mkeller-businesscoaching.de\/index.php\/wp-json\/wp\/v2\/media?parent=92"}],"curies":[{"name":"wp","href":"https:\/\/api.w.org\/{rel}","templated":true}]}}