{"id":88,"date":"2018-04-08T13:32:43","date_gmt":"2018-04-08T11:32:43","guid":{"rendered":"http:\/\/31.172.95.69:81\/?page_id=88"},"modified":"2018-04-11T10:23:29","modified_gmt":"2018-04-11T08:23:29","slug":"gut-vorbereitet-in-die-zweite-halbzeit","status":"publish","type":"page","link":"https:\/\/mkeller-businesscoaching.de\/index.php\/gut-vorbereitet-in-die-zweite-halbzeit\/","title":{"rendered":"Gut vorbereitet in die zweite Halbzeit"},"content":{"rendered":"<h5>\u00c4lterwerden im Unternehmen erfolgreich meistern<\/h5>\n<h5>Worum geht es?<\/h5>\n<p>Nach langj\u00e4hriger T\u00e4tigkeit m\u00f6chten Sie auch zuk\u00fcnftig gesund und motiviert im Berufsleben mitspielen. Sie m\u00f6chten Ihre reichhaltigen Erfahrungen und Ihr Wissen einbringen und trotz oder gerade wegen Ihres zunehmenden Alters ein wertgesch\u00e4tzter und wertsch\u00f6pfender Teil der Mannschaft sein. Sie wollen sich gut auf die 2. Halbzeit vorbereiten, um weiterhin zum gemeinsamen Erfolg beizutragen.<\/p>\n<h5>Zielgruppe<\/h5>\n<p>Erfahrene F\u00fchrungskr\u00e4fte und Mitarbeiter<\/p>\n<h5>Inhalte und Methoden<\/h5>\n<p>Die Teilnehmer lernen im Seminar, was sie pers\u00f6nlich tun k\u00f6nnen und welche gezielte Unterst\u00fctzung sie ben\u00f6tigen, um ihr \u00c4lterwerden im Betrieb gut zu meistern und in jeder Beziehung fit zu bleiben. Sie setzen sich unter anderem mit den Fragen auseinander:<\/p>\n<ul>\n<li>Was \u00e4ndert sich f\u00fcr mich mit zunehmendem Alter?<\/li>\n<li>Wie bleibe ich up to date und fit?<\/li>\n<li>Wie bereite ich mich auf Ver\u00e4nderungen vor?<\/li>\n<li>Wie gestalte ich die Zusammenarbeit zwischen j\u00fcngeren und \u00e4lteren Kollegen?<\/li>\n<li>Welche Unterst\u00fctzung ben\u00f6tige ich?<\/li>\n<li>Welchen Einfluss kann ich auf meine Arbeitsbedingungen nehmen?<\/li>\n<\/ul>\n<p>In einem kleinen Kreis von maximal 12 Personen haben die Teilnehmer Gelegenheit, sich intensiv untereinander auszutauschen und voneinander zu lernen. Neben Trainer-Input, Modulen aus dem ZRM-Training (nach Dr. Maja Storch und Dr. Frank Krause), Selbstreflexion, Einzel- und Gruppenarbeit bekommen die Teilnehmer Anregungen zu unterschiedlichen Entspannungstechniken und K\u00f6rper\u00fcbungen.<\/p>\n","protected":false},"excerpt":{"rendered":"<p>\u00c4lterwerden im Unternehmen erfolgreich meistern Worum geht es? Nach langj\u00e4hriger T\u00e4tigkeit m\u00f6chten Sie auch zuk\u00fcnftig gesund und motiviert im Berufsleben mitspielen. Sie m\u00f6chten Ihre reichhaltigen Erfahrungen und Ihr Wissen einbringen und trotz oder gerade wegen Ihres zunehmenden Alters ein wertgesch\u00e4tzter und wertsch\u00f6pfender Teil der Mannschaft sein. Sie wollen sich gut auf die 2. Halbzeit vorbereiten, &hellip; <\/p>\n<p class=\"link-more\"><a href=\"https:\/\/mkeller-businesscoaching.de\/index.php\/gut-vorbereitet-in-die-zweite-halbzeit\/\" class=\"more-link\"><span class=\"screen-reader-text\">\u201eGut vorbereitet in die zweite Halbzeit\u201c<\/span> weiterlesen<\/a><\/p>\n","protected":false},"author":2,"featured_media":0,"parent":0,"menu_order":0,"comment_status":"closed","ping_status":"closed","template":"","meta":{"footnotes":""},"_links":{"self":[{"href":"https:\/\/mkeller-businesscoaching.de\/index.php\/wp-json\/wp\/v2\/pages\/88"}],"collection":[{"href":"https:\/\/mkeller-businesscoaching.de\/index.php\/wp-json\/wp\/v2\/pages"}],"about":[{"href":"https:\/\/mkeller-businesscoaching.de\/index.php\/wp-json\/wp\/v2\/types\/page"}],"author":[{"embeddable":true,"href":"https:\/\/mkeller-businesscoaching.de\/index.php\/wp-json\/wp\/v2\/users\/2"}],"replies":[{"embeddable":true,"href":"https:\/\/mkeller-businesscoaching.de\/index.php\/wp-json\/wp\/v2\/comments?post=88"}],"version-history":[{"count":2,"href":"https:\/\/mkeller-businesscoaching.de\/index.php\/wp-json\/wp\/v2\/pages\/88\/revisions"}],"predecessor-version":[{"id":188,"href":"https:\/\/mkeller-businesscoaching.de\/index.php\/wp-json\/wp\/v2\/pages\/88\/revisions\/188"}],"wp:attachment":[{"href":"https:\/\/mkeller-businesscoaching.de\/index.php\/wp-json\/wp\/v2\/media?parent=88"}],"curies":[{"name":"wp","href":"https:\/\/api.w.org\/{rel}","templated":true}]}}